posite?
True
Is 15470905 a prime number?
False
Is 17930651 composite?
False
Is 56760259 a prime number?
True
Is 32289317 a composite number?
True
Is 19095979 a prime number?
False
Is 3606233 prime?
True
Is 219168613 a prime number?
True
Is 436579157 a composite number?
True
Is 59150323 composite?
True
Is 4258558 a composite number?
True
Is 174314837 prime?
True
Is 33900753 a prime number?
False
Is 14691065 a prime number?
False
Is 1659937 a prime number?
False
Is 817951 a prime number?
True
Is 1801267 prime?
False
Is 1079527 prime?
True
Is 160714627 a prime number?
True
Is 2668993 composite?
False
Is 1681807 a prime number?
True
Is 7603415 prime?
False
Is 1141859 a prime number?
False
Is 26495461 composite?
False
Is 7641671 prime?
True
Is 39539767 a composite number?
False
Is 150032587 composite?
True
Is 98204309 prime?
False
Is 1282339 a prime number?
False
Is 3460027 prime?
False
Is 52270261 a composite number?
False
Is 11547059 prime?
True
Is 186898709 prime?
True
Is 6323723 a prime number?
False
Is 48378283 a composite number?
True
Is 185538191 a composite number?
False
Is 1665799 a prime number?
False
Is 388805 composite?
True
Is 4494551 a composite number?
False
Is 341171 prime?
True
Is 2558447 prime?
False
Is 15416383 prime?
False
Is 50592083 a prime number?
False
Is 12781669 a prime number?
True
Is 39497529 composite?
True
Is 328624571 composite?
True
Is 8664335 prime?
False
Is 1774059763 prime?
False
Is 327851371 prime?
True
Is 2829781 prime?
False
Is 1133663 a composite number?
True
Is 599938197 a prime number?
False
Is 186457 a prime number?
False
Is 133408505 composite?
True
Is 132726403 composite?
True
Is 90316583 a composite number?
True
Is 3649073 a composite number?
True
Is 6146849 a prime number?
True
Is 5020973 a prime number?
False
Is 31065229 a composite number?
True
Is 177691 a composite number?
False
Is 544800143 a composite number?
False
Is 22877147 a composite number?
True
Is 3098203 a composite number?
True
Is 1932181 a composite number?
False
Is 2451203 prime?
True
Is 988483 a prime number?
True
Is 362819 composite?
True
Is 2645213 prime?
True
Is 2082082 prime?
False
Is 43597 a prime number?
True
Is 19292905 a composite number?
True
Is 5127527 composite?
False
Is 43685709 a prime number?
False
Is 3652151 a prime number?
True
Is 87938083 a prime number?
True
Is 3795619 composite?
False
Is 7132813 composite?
False
Is 23597503 a composite number?
True
Is 337331726 prime?
False
Is 367946413 composite?
False
Is 21365341 composite?
True
Is 85733 a prime number?
True
Is 49930759 prime?
False
Is 1088963 a prime number?
False
Is 7212449 prime?
False
Is 2543267 a prime number?
False
Is 24694181 prime?
True
Is 451177 prime?
True
Is 168500743 a composite number?
True
Is 5881587 a prime number?
False
Is 39325133 prime?
False
Is 32416753 a composite number?
False
Is 149691889 composite?
True
Is 72701677 composite?
True
Is 7509449 a prime number?
False
Is 2102519 a prime number?
True
Is 5207749 a composite number?
False
Is 29845129 a composite number?
True
Is 12293713 a prime number?
True
Is 19647871 prime?
True
Is 30189941 a prime number?
True
Is 8771783 composite?
False
Is 1580489 a composite number?
False
Is 94891 a composite number?
True
Is 1277959 a composite number?
True
Is 1153967 composite?
False
Is 6538069 composite?
False
Is 5712431 a composite number?
False
Is 206223179 prime?
True
Is 3831679 composite?
True
Is 301465103 composite?
True
Is 1943171 a composite number?
False
Is 1930777 composite?
True
Is 13633729 prime?
False
Is 411701 a composite number?
True
Is 5476741 a prime number?
False
Is 560541661 prime?
False
Is 310788517 prime?
False
Is 130360511 a prime number?
True
Is 8581099 composite?
False
Is 222570763 prime?
True
Is 31690289 a composite number?
True
Is 15858266 a composite number?
True
Is 3494933 prime?
False
Is 4616891 a prime number?
False
Is 1733939 prime?
False
Is 7143737 prime?
True
Is 15163709 a composite number?
True
Is 2675549 prime?
False
Is 560741 prime?
False
Is 3772459 a composite number?
False
Is 150640951 a composite number?
False
Is 1192627 a prime number?
False
Is 52197203 a prime number?
True
Is 42889589 composite?
True
Is 984589 prime?
False
Is 319190057 composite?
False
Is 52374269 composite?
False
Is 5488831 a prime number?
True
Is 21548447 a composite number?
True
Is 20327233 a composite number?
False
Is 96312043 prime?
False
Is 5079161 composite?
True
Is 10754162 a composite number?
True
Is 56395679 prime?
False
Is 52971 composite?
True
Is 839358545 a composite number?
True
Is 84291 prime?
False
Is 63977963 composite?
True
Is 35387083 composite?
True
Is 106065149 prime?
True
Is 2279807 a composite number?
False
Is 156241 a prime number?
True
Is 228583 a composite number?
True
Is 42475489 prime?
False
Is 2307709 a composite number?
False
Is 155697049 composite?
True
Is 7908011 composite?
False
Is 7380343 a prime number?
False
Is 8712478 a prime number?
False
Is 463069 a prime number?
False
Is 16494773 a composite number?
True
Is 119709841 composite?
True
Is 2743361 a prime number?
False
Is 7517 composite?
False
Is 756274 composite?
True
Is 4696177 a prime number?
True
Is 1862879 a composite number?
True
Is 49733 a composite number?
True
Is 9583697 a composite number?
True
Is 33296843 composite?
True
Is 14807609 prime?
False
Is 16886069 a composite number?
False
Is 7190291 a composite number?
True
Is 553853 a prime number?
False
Is 3482851 prime?
True
Is 109635607 a composite number?
False
Is 99357415 composite?
True
Is 16997623 a composite number?
False
Is 13751051 composite?
False
Is 3098677 composite?
False
Is 845679 a composite number?
True
Is 993467 a composite number?
False
Is 42363713 prime?
False
Is 509458 composite?
True
Is 1621957 a prime number?
False
Is 16712341 composite?
False
Is 7917839 a prime number?
False
Is 2983663 a prime number?
False
Is 54096061 composite?
False
Is 77768507 a prime number?
True
Is 5014493 a composite number?
True
Is 17626061 a composite number?
False
Is 3332983 prime?
True
Is 21116801 composite?
False
Is 14375665 composite?
True
Is 2203555 a prime number?
False
Is 73871779 prime?
True
Is 3421003 prime?
True
Is 199720931 a prime number?
False
Is 49922771 composite?
True
Is 617104831 prime?
False
Is 3869738 composite?
True
Is 39762941 a composite number?
False
Is 946697 a prime number?
True
Is 64456043 a composite number?
False
Is 538904987 a prime number?
True
Is 35556193 a prime number?
True
Is 95674333 a composite number?
True
Is 2018327 prime?
False
Is 863561 a prime number?
True
Is 8612831 composite?
False
Is 894303473 composite?
True
Is 6442223 prime?
True
Is 3500863 composite?
False
Is 66757319 a prime number?
True
Is 7369519 a composite number?
False
Is 4492997 a composite number?
False
Is 2375327 a composite number?
False
Is 57410209 composite?
True
Is 11418887 composite?
True
Is 20127103 a composite number?
True
Is 2757197 composite?
True
Is 17276687 a prime number?
False
Is 343782161 a composite number?
True
Is 5186977 a prime number?
False
Is 16140485 a composite number?
True
Is 162810331 a composite number?
False
Is 44406431 prime?
False
Is 34057483 prime?
True
Is 67772491 a prime number?
True
Is 1290517 prime?
False
Is 8758037 composite?
True
Is 133647491 a composite number?
False
Is 7641637 prime?
True
Is 41949991 prime?
False
Is 13066561 a composite number?
True
Is 2555027 a prime number?
True
Is 339197 composite?
True
Is 2282243 prime?
True
Is 297008263 prime?
True
Is 2875619 prime?
True
Is 23928913 a prime number?
True
Is 83874101 prime?
True
Is 13766177 a prime number?
True
Is 19882199 composite?
False
Is 1208777 prime?
True
Is 639299 prime?
True
Is 2202143 a prime number?
False
Is 26631677 prime?
False
Is 221807 a composite number?
False
Is 27830489 a prime number?
True
Is 425071 prime?
True
Is 9732511 a composite number?
True
Is 2922971 prime?
False
Is 54293126 a prime number?
False
Is 18006701 composite?
False
Is 12871301 prime?
False
Is 61173929 composite?
False
Is 45364549 a prime number?
False
Is 3125209 a prime number?
True
Is 2333293 a prime number?
True
Is 61052245 prime?
False
Is 12685189 prime?
False
Is 327951103 a composite number?
True
Is 30815593 prime?
True
Is 1101380017 prime?
True
Is 20569921 a composite number?